{"id":6,"date":"2023-10-08T03:20:10","date_gmt":"2023-10-08T03:20:10","guid":{"rendered":"https:\/\/nexem.com.ar\/?page_id=6"},"modified":"2023-10-08T03:35:11","modified_gmt":"2023-10-08T03:35:11","slug":"bienvenidos-a-nexem","status":"publish","type":"page","link":"https:\/\/nexem.com.ar\/","title":{"rendered":"Bienvenidos a NEXEM"},"content":{"rendered":"\n<figure class=\"wp-block-image aligncenter size-full\"><img loading=\"lazy\" decoding=\"async\" width=\"117\" height=\"48\" src=\"https:\/\/nexem.com.ar\/wp-content\/uploads\/2023\/10\/logo.gif\" alt=\"\" class=\"wp-image-8\"\/><\/figure>\n\n\n\n<p>Nexem brinda soluciones tecnol\u00f3gicas integrales a productores y convertidores de papel, pel\u00edculas pl\u00e1sticas, nonwovens, foils, autoadhesivos y envases flexibles.<br><\/p>\n\n\n\n<p>Nuestra misi\u00f3n consiste en proveer los equipos, instalaciones y servicios de ingenier\u00eda necesarios para que nuestros clientes operen procesos de manufactura eficientes y rentables.<br><\/p>\n\n\n\n<p>Representamos para ello a prestigosos fabricantes internacionales de maquinarias, equipos y componentes. Contamos adem\u00e1s con un equipo de experimentados profesionales capaces de llevar adelante cada etapa de su proyecto de inversi\u00f3n.<br><br>Lo invitamos cordialmente a recorrer las p\u00e1ginas de este sitio. En ellas encontrar\u00e1 sin duda una variedad grande de soluciones innovadoras que Nexem pone hoy al alcance de los convertidores.<br><\/p>\n\n\n\n<p>Estamos a su disposici\u00f3n para atender cualquier consulta y para asistirlo en todo aquello relacionado a sus planes de equipamiento y crecimiento.<br><br>\u00a1Gracias por visitarnos!<\/p>\n\n\n\n<p>Consultas al +54-11-4795-3307<\/p>\n\n\n\n<p class=\"has-text-align-center\"><strong>P\u00c1GINA EN CONSTRUCCI\u00d3N<\/strong><br><\/p>\n","protected":false},"excerpt":{"rendered":"<p>Nexem brinda soluciones tecnol\u00f3gicas integrales a productores y convertidores de papel, pel\u00edculas pl\u00e1sticas, nonwovens, foils, autoadhesivos y envases flexibles. Nuestra misi\u00f3n consiste en proveer los equipos, instalaciones y servicios de ingenier\u00eda necesarios para que nuestros clientes operen procesos de manufactura eficientes y rentables. Representamos para ello a prestigosos fabricantes internacionales de maquinarias, equipos y componentes. [&hellip;]<\/p>\n","protected":false},"author":1,"featured_media":0,"parent":0,"menu_order":0,"comment_status":"closed","ping_status":"closed","template":"","meta":{"footnotes":""},"class_list":["post-6","page","type-page","status-publish","hentry"],"_links":{"self":[{"href":"https:\/\/nexem.com.ar\/index.php?rest_route=\/wp\/v2\/pages\/6","targetHints":{"allow":["GET"]}}],"collection":[{"href":"https:\/\/nexem.com.ar\/index.php?rest_route=\/wp\/v2\/pages"}],"about":[{"href":"https:\/\/nexem.com.ar\/index.php?rest_route=\/wp\/v2\/types\/page"}],"author":[{"embeddable":true,"href":"https:\/\/nexem.com.ar\/index.php?rest_route=\/wp\/v2\/users\/1"}],"replies":[{"embeddable":true,"href":"https:\/\/nexem.com.ar\/index.php?rest_route=%2Fwp%2Fv2%2Fcomments&post=6"}],"version-history":[{"count":2,"href":"https:\/\/nexem.com.ar\/index.php?rest_route=\/wp\/v2\/pages\/6\/revisions"}],"predecessor-version":[{"id":12,"href":"https:\/\/nexem.com.ar\/index.php?rest_route=\/wp\/v2\/pages\/6\/revisions\/12"}],"wp:attachment":[{"href":"https:\/\/nexem.com.ar\/index.php?rest_route=%2Fwp%2Fv2%2Fmedia&parent=6"}],"curies":[{"name":"wp","href":"https:\/\/api.w.org\/{rel}","templated":true}]}}